10*o. Determine q(-2).
1
Let g(u) = u**3 + 9*u**2 + 8*u - 7. Let r = -35 + 27. What is g(r)?
-7
Let x = 142 - 81. Let y(c) = 64 + c - 125 - 5*c**2 + x. Give y(1).
-4
Suppose 2*g = 6, 2*g = -3*q + 3*g - 3. Suppose q*n + 30 = -2*n - 4*b, 5*b = -3*n - 40. Let c(l) = -l - 7. Give c(n).
-2
Let o(i) be the second derivative of i**5/60 + 7*i**4/24 + 2*i**3/3 - 3*i**2/2 - 8*i. Let q(z) be the first derivative of o(z). Give q(-5).
-6
Let u(t) = 0*t - 5 - 3*t + 7*t - 4*t**2 + 2*t. Determine u(2).
-9
Let d be (1/7)/(64/1344). Let g(n) = -7*n - 7. Calculate g(d).
-28
Let d(a) = -5*a - 9. Let v(g) = -9*g - 17. Let x(z) = -11*d(z) + 6*v(z). Let b(r) = 88*r - 1062. Let i be b(12). Give x(i).
-9
Let l(q) = q - 8. Let c be l(5). Suppose 0 = -0*n - 3*n + 6. Let k(f) = -n*f - 3*f + 0*f + 6*f. What is k(c)?
-3
Let h(k) be the third derivative of -k**5/60 + 11*k**4/24 + 2*k**3 - 4*k**2 - 8*k. What is h(11)?
12
Let k(u) be the third derivative of u**4/12 + 2*u**3/3 - 72*u**2. Determine k(3).
10
Let i(u) = 14*u + 71. Let o(w) = -6*w - 34. Let s(d) = -2*i(d) - 5*o(d). Calculate s(-12).
4
Let p(v) = v**2 - 12. Suppose 13*r + 46 + 6 = 0. What is p(r)?
4
Let p = -88 + 93. Let a(z) = 3*z - 2. Calculate a(p).
13
Let n(d) = d**3 + 5*d**2 - d - 4. Suppose -14*t - 48 = 2*t. Give n(t).
17
Let h(r) be the third derivative of -r**5/60 + r**4/4 + r**2. Let y(b) = -b**2 - 100*b + 4559. Let d be y(34). Determine h(d).
9
Let k(o) = -59 - 48 + 6*o + 103 - 45. What is k(8)?
-1
Let k(j) be the first derivative of -2*j**3/3 - 7*j**2 - 6*j + 679. Calculate k(-7).
-6
Let r(j) be the first derivative of j**5/20 + j**4/12 - 2*j**2 - j - 1. Let q(v) be the first derivative of r(v). Suppose -2410*m = -2420*m. Give q(m).
-4
Let h(q) = q - 4. Suppose 0 = -5*p - 5*n + 20, 25 + 3 = 4*p + n. Give h(p).
4
Let x(y) = -y**2 - 2*y - 1. Let a(z) = -6*z**2 - 44*z + 111. Let h(q) = -q**2 - 9*q + 22. Let g(c) = -2*a(c) + 11*h(c). Let i be g(8). Give x(i).
-9
Let d be 0/(-3 + 8 - 4). Suppose d*w = 5*w + g - 13, -3*w + 5*g + 19 = 0. Let y(s) = 8 + 0*s**2 + w*s**2 - 2*s**2 - 7*s. Determine y(6).
2
Let w(a) = -2*a**2 + 14*a + 337. Let c be w(17). Let p(n) = 5*n - 4*n - 2*n. Calculate p(c).
3
Let p(w) = -w + 2. Let y(k) = -k**2 - 6*k - 9. Let r be y(-4). Let b be 9/(-6)*(-1 + r). Calculate p(b).
-1
Suppose 2*g - 7*g = -30. Suppose -c - 2*o = -12, 2*o - g*o = 3*c - 26. Let r(f) = 3*f**2 + f**3 - 8 + 0*f + 4*f + 4*f**c. Give r(-6).
4
Let s(m) = -m**3 - 3*m**2 - m + 2. Let h be s(-2). Let i(x) = -x - 3*x - 10*x + h*x. Determine i(-1).
14
Let c(h) = 9*h**2 + 5*h + 12. Let p(a) = -11*a**2 - 4*a - 11. Let l(i) = -6*c(i) - 5*p(i). Determine l(12).
7
Let r(k) be the first derivative of 2*k**4 + k**2/2 - 2. Let z = -31 - -65. Suppose 3*j + z = 31. Calculate r(j).
-9
Let v be (-1 - 2) + 0 + 3. Let d(a) = 2*a**2 - 9*a + 8 + v + a**2 - 2*a**2. Calculate d(7).
-6
Let o(i) be the second derivative of -i + 1/2*i**4 + 1/720*i**6 + 0 - 1/40*i**5 + 0*i**2 + 0*i**3. Let f(l) be the third derivative of o(l). Determine f(2).
-1
Let f(w) be the first derivative of 0*w + 5/6*w**3 + 7/2*w**2 - 1/24*w**4 + 4 + 1/120*w**6 - 1/10*w**5. Let b(j) be the second derivative of f(j). Give b(6).
-1
Let n = 7 - 6. Suppose -3*z = -1 - 5. Let q(t) = 11*t**z - 4*t + 0*t + 5*t. Calculate q(n).
12
Let k(b) = -2*b + 4. Let w = -629 - -621. Give k(w).
20
Let a = 9 - 5. Suppose 2*y = 5*h - 4 - a, -13 = -3*y - 5*h. Let d = y + 2. Let k(t) = -t + 3. Determine k(d).
0
Suppose 0 = -s + 3*s + 5*m - 21, -4*s - 4*m + 24 = 0. Let l(q) = 120*q - 116*q + s + 0. Suppose 12 = -4*h - 0*h. Calculate l(h).
-9
Let q = -32 + 31. Let p(x) be the third derivative of -2*x**5/15 + x**3/6 - 11*x**2. What is p(q)?
-7
Let a(j) = -j - 2. Suppose -10*t = -0 - 0. Give a(t).
-2
Let n = 3 + 4. Suppose 11*z - n = 18*z. Let l(w) = 2*w + 1. Calculate l(z).
-1
Let k = -33 - -35. Let s(z) = 4 + 0 - 13*z + k*z**2 + 18*z. What is s(-3)?
7
Let h(k) = -k**2 + 6*k + 11. Let y be ((-1)/(-4))/(105/2940). Calculate h(y).
4
Let y(v) = -v - 3. Suppose -2*p + 20 = 3*p. Suppose 0 = -p*u - 8 - 0, 3*q = 3*u + 30. Give y(q).
-11
Let b(y) be the third derivative of y**5/120 - y**4/6 + 11*y**3/6 - 8*y**2. Let x(o) be the first derivative of b(o). Give x(-3).
-7
Suppose -4*i = 5*f + 10, -34*i - 49 = 4*f - 39*i. Let v(k) = k**3 + 6*k**2 - 2*k - 6. Calculate v(f).
6
Let y(i) = i**3 + 3*i**2 - 3*i + 3. Let q be (-62)/6 - 9/(-27). Let t(r) = r**2 + 10*r + 7. Let z be t(q). Let p = z - 11. What is y(p)?
-1
Let r(g) = g**3. Let a = 54 - 72. Let y = a + 18. Determine r(y).
0
Let o(h) = -4*h + 0 - 4*h - 3 + 12 + h. What is o(4)?
-19
Let q(g) = 2*g + 1. Let t(s) = 8*s + 3. Let c(y) = 8*q(y) - 3*t(y). Determine c(2).
-17
Let n(y) = 37*y - 5. Let i(z) = 8*z. Let c(o) = 5*i(o) - n(o). Give c(-12).
-31
Let f(s) be the second derivative of -s**5/20 - 3*s**4/4 - 3*s**3/2 - s**2 - 31*s. Determine f(-8).
6
Let w be (15/(-12))/(17/68). Let z(y) = 16*y + 85. Calculate z(w).
5
Let l(n) be the first derivative of n**3/2 + 2*n - 1. Let y(j) be the first derivative of l(j). Calculate y(-5).
-15
Let f(j) = 4*j - 13*j - 2*j + 5*j + 0*j + 13. What is f(5)?
-17
Suppose -135*m + 138*m = 18. Let q be m/3 + (9 - 14). Let p(o) = -4*o + 4. What is p(q)?
16
Let p(r) = r**2 - 6*r + 3. Let o be p(5). Let f(u) = 7*u + 17. Let a(j) = 3*j + 8. Let y(n) = o*f(n) + 5*a(n). Let s be (-15)/2*10/(-15). Give y(s).
11
Let a(x) = 3*x**2 + 5*x + 12. Let q(r) = 9*r**2 + 15*r + 34. Let v(j) = -11*a(j) + 4*q(j). Give v(-2).
6
Let y = 0 - -3. Suppose 10 = -y*g - 11. Let h(p) = p**2 + 13*p + 8. Let b(l) = l. Let t(w) = 4*b(w) - h(w). Give t(g).
6
Let z(t) = 3*t**2 - 10*t - 12. Let s(f) = -1 - 3 + 7*f + f**2 - 10*f. Let c(l) = -7*s(l) + 2*z(l). Determine c(5).
-16
Let s(a) = -a**2 - 12*a - 2. Suppose 3*n = -4*f - 40, 0 = 2*f - n + 10. What is s(f)?
33
Let h = -701 + 688. Let i(x) = -x**2 - 11*x + 40. Calculate i(h).
14
Let l(v) = v**3 + 7*v**2 - 17*v + 5. Suppose 3*u - 25*t = -24*t - 32, -42 = 3*u - 3*t. What is l(u)?
-4
Let b(u) = 3*u + 1. Suppose 8 = -4*q, 2*q + 5 = 4*w - 19. Suppose -5*y - 2 = -p, w = -3*p + y + 3*y. Determine b(p).
-8
Suppose 0 = 52*m - 39*m - 39. Let h(o) = -o**2 + 2*o + 3. What is h(m)?
0
Let h(c) be the second derivative of 6*c - 1/3*c**3 + 3/2*c**2 + 0. Determine h(-5).
13
Let d(v) = -2*v + 8. Let g(q) = q + 5. Let k(n) = n + 4. Let u(x) = -4*g(x) + 5*k(x). Let a(w) = -d(w) - 3*u(w). Calculate a(-9).
1
Let v(w) = w**2 - 5*w + 4. Let o(x) = -7 + 6 - 5*x - x**2 - 2 + 11. Let i be o(-7). Let j be 2/i + 13/3. What is v(j)?
0
Let u be (16/(-6))/(4/(-6)). Let a(t) = t - 8. Let h(y) = 2*y - 17. Let v = -3 + -3. Let f(b) = v*h(b) + 13*a(b). Calculate f(u).
2
Let u(p) be the first derivative of -p**4/4 + p**3 - p**2/2 - 2*p + 86. Let n = -9 - -12. Determine u(n).
-5
Let i(n) = 0*n**3 - 2*n + 0*n - n - 4*n + 6*n**2 + n**3 - 19. What is i(-6)?
23
Let u(q) = -q**3 - 10*q**2 - 10*q + 9. Let c be (125 - 126) + (2 - 7 - 2). Calculate u(c).
-39
Let s(d) = -4*d**2 + 8*d + 10. Let l(h) = -9*h**2 + 18*h + 22. Let w(f) = -3*l(f) + 7*s(f). Determine w(-3).
-11
Let b(u) = u + 0*u + 1 - 3*u - u**3 - 8*u**2 + 0*u. Let i be b(-8). Suppose -3*j = 3*q - 4*q + i, 3*j + 13 = 5*q. Let p(l) = l**2 + 6*l + 2. What is p(j)?
2
Suppose 2*p + 9 = 4*p - f, -4*f = p + 18. Let j(u) = u**3 - u**2 - 4. Let c be j(3). Let y(l) = 7 + 7 + l - c. What is y(p)?
2
Let b(d) = -d**2 + 6*d - 6. Let s be b(4). Let v(k) = 4 + 0*k**3 - k**3 + 2*k + s*k**3 + 0*k**2 + 6*k**2. What is v(-5)?
19
Suppose v + 1 = -3*i, -3*i + 18 - 17 = 2*v. Let t(g) = -2*g**2 + 4*g - 3. Calculate t(v).
-3
Let d(z) = 5*z**2 - 14*z - 10. Let b be d(3). Let s(p) = -p**3 - 8*p**2 - 8*p - 12. Calculate s(b).
-5
Let w(n) = n**2 - 12*n - 26. Let o be w(14). Let g(z) = -2 - 2 + 2 + 4*z**2 - o + z + z**3. Calculate g(-3).
2
Let z be 6/27 - (4 - (-104)/(-18)). Let n(y) be the second derivative of 0 + 0*y**z - 1/2*y**3 - 4*y. Calculate n(3).
-9
Let z = 312 + -306. Let r(g) = g - 11. Give r(z).
-5
Let t(w) = 3*w. Let x be t(5). Suppose -5*n - 5 = x. Let k(o) be the third derivative of -o**5/30 - 5*o**4/24 + 2*o**3/3 + 4*o**2. What is k(n)?
-8
Let j(q) = -q**2 - 4*q - 7. Suppose -134 = 29*h - 47. Calculate j(h).
-4
Let v = 820 + -813. Let p(i) = -7*i + 50. Give p(v).
1
Let x = 2607 + -2602. Let b(i) = i**3 - 5*i